t common factor of g and 19?
19
Let g(j) = -11*j. Let q be g(1). Let p = q + 21. What is the highest common divisor of p and 30?
10
Let q = 29 + -21. Calculate the highest common factor of q and 16.
8
Let n = -15 + 50. Suppose 2*b + n = 7*b. What is the highest common factor of b and 63?
7
Suppose 6 + 424 = 3*q + x, -3*q - 3*x = -426. What is the greatest common divisor of q and 24?
24
Suppose 0 = -2*p + k + 62, 0*p + 5*k = -p + 42. Calculate the highest common factor of 80 and p.
16
Let g(a) = -2*a**2 - 55*a - 2. Let h be g(-26). Let f = -28 + 47. Calculate the highest common divisor of f and h.
19
Suppose -312 = -5*i + 4*t, 208 = 3*i + 4*t + 40. Calculate the highest common divisor of i and 12.
12
Suppose -q - 168 = -5*q. Suppose m = -2*m + q. Let b(z) = z + 4. Let y be b(3). What is the greatest common factor of y and m?
7
Let s(m) = -19*m**3 - 2*m**2 + 1. Let o be s(-1). Calculate the highest common factor of o and 12.
6
Let o be -4*(0 + 10/(-8)). Let s(u) = -5*u + 5. Let m be s(-9). What is the greatest common divisor of m and o?
5
Let g(o) be the first derivative of -o**4/4 - o**3/3 + 11*o + 5. Let c be g(0). What is the highest common factor of 44 and c?
11
Suppose r + 6 = -3. Let j(n) = n**3 + 10*n**2 + 4*n + 11. Let p be j(r). What is the highest common factor of p and 8?
8
Let r = -357 + 619. Suppose r = 3*s - 38. Suppose -4*g - s = -300. Calculate the highest common divisor of g and 10.
10
Suppose -5*p - 5*u = -110, 5*u + 70 = 3*p + 2*p. Let c = 117 + 99. Suppose -s - c = -4*s. Calculate the greatest common divisor of s and p.
18
Suppose 0 = -5*r + 31 - 6. Suppose r*u + 0 = -5. Let i be 30 + 1/u + 1. Calculate the greatest common factor of i and 6.
6
Suppose -4*a - 5*z + 8 = 0, 3*a + 5*z + 1 - 2 = 0. Suppose 0*k - 3*k = -63. Calculate the greatest common divisor of a and k.
7
Let m(c) = 3*c**2 - c - 3. Let y be m(6). What is the greatest common factor of 9 and y?
9
Suppose 3*s - 32 = -5. Let q be (-4)/((-8)/6) - 0/(-8). Calculate the highest common divisor of q and s.
3
Suppose 0 = 2*h + 60 - 158. Let i = h - 19. What is the highest common factor of 12 and i?
6
Suppose -2*u + 8 = -70. Suppose -j = -u + 7. Calculate the greatest common divisor of j and 8.
8
Suppose 5*s - 4*r - 6 + 0 = 0, 2*s - 5*r = -1. Suppose -b + s*b - 28 = 0. Suppose 0 = q + 1 - 15. Calculate the highest common factor of b and q.
14
Suppose -3*d = 12 - 48. Calculate the highest common divisor of 12 and d.
12
Let d be 103 + (-2 - -2) - -1. What is the highest common factor of d and 8?
8
Let s = -15 + 20. Suppose -v + c + 10 = -0, s*c = -2*v + 6. Calculate the greatest common factor of 88 and v.
8
Suppose -3*w + 0*w = f - 110, 5*f - 635 = 2*w. What is the greatest common factor of 50 and f?
25
Let z(m) = 8*m - 6. Let t(h) = -h - 1. Let v be t(-5). Let y be z(v). What is the greatest common divisor of y and 13?
13
Let p = 12 - -18. What is the greatest common divisor of 330 and p?
30
Let n(a) = -a**2 + 5*a + 11. Let h be n(8). Let g(p) = p**2 + 9*p + 4. Let u be g(h). Let y = 21 - 13. Calculate the highest common divisor of y and u.
8
Let y = -47 - -112. Calculate the greatest common factor of y and 13.
13
Let n = -12 - -16. Suppose -3*f - n*v = -f - 188, -5*v = f - 100. What is the highest common divisor of 18 and f?
18
Let s be (-1 - -1) + 0 + 28. Let t = s - 18. What is the greatest common divisor of 20 and t?
10
Let o = -146 - -355. Calculate the highest common divisor of o and 19.
19
Let b be -5 - (2 + -3)/1. Let r be 44/(b + 3 + 3). Calculate the greatest common factor of 220 and r.
22
Let d(n) = n**3 - n**2 - 2*n + 2. Let z be d(2). Suppose 5*l - z*u - 7 = 277, 0 = 3*u + 6. Calculate the highest common divisor of 8 and l.
8
Let q be (-9)/6*(-232)/6. Let f = -36 + q. What is the greatest common divisor of f and 198?
22
Let w(d) = d**3 - 6*d**2 - 6*d + 7. Let x be w(7). Calculate the greatest common factor of x and 63.
7
Suppose 3*v + 153 = -c, -2*v - 3*c = -7*v - 241. Let h = 140 + v. Let m be (-10 - -4)*h/(-4). What is the highest common divisor of m and 15?
15
Let a(i) = 19*i - 103. Let t be a(6). Let p(b) = -8*b + 7. Let f be p(-6). What is the greatest common divisor of t and f?
11
Suppose 0 = -4*l + 4, -h + 6*h + 2*l - 2 = 0. Suppose -42 - 38 = -5*y - c, h = 3*y - 3*c - 30. Calculate the highest common factor of 5 and y.
5
Suppose -2*t = -4*t + 72. Suppose -3*l + 96 = 2*l - 4*m, -2*l = -m - t. Calculate the highest common factor of 2 and l.
2
Let f(c) = -c**3 - 4*c**2 - 3*c + 5. Let n be f(-4). What is the greatest common factor of 34 and n?
17
Let p = -1 - 12. Let a be ((-4)/(-2))/((-2)/p). What is the highest common divisor of 39 and a?
13
Suppose -2*i - 3*x - 1 = 11, -18 = 3*i - 2*x. Let h(s) = -s**2 - 8*s + 1. Let d be h(i). Calculate the greatest common divisor of d and 143.
13
Let w be (1 - (2 - 0)) + 0. Let a be (7 - 11)*(w - 0). Suppose -8 = 4*n, -2*n = 4*o - n - 110. Calculate the highest common factor of o and a.
4
Let s = -63 + 213. Calculate the greatest common factor of s and 20.
10
Let w(q) = -q**2 - 8*q + 2. Let m be w(-8). What is the greatest common factor of m and 10?
2
Suppose -2*y - 2*y - 4*k + 588 = 0, -2*k = y - 150. What is the highest common factor of y and 32?
16
Let j(l) = -9*l**3 + l**2 + 2*l + 2. Let h be j(-1). Calculate the highest common factor of 30 and h.
10
Suppose -3 = t - 4, -4*h = 5*t - 101. Let p = -9 + 15. Calculate the highest common factor of p and h.
6
Suppose -3*k = -t + 2 - 5, 2*t = 4*k + 2. Calculate the greatest common factor of t and 9.
9
Suppose -2*b = -0*b - 48. Suppose 4*v + 42 - 106 = 0. Suppose s - v = -5*l, 0*s = -3*s + l + 48. Calculate the highest common factor of s and b.
8
Let z = 18 - 0. What is the highest common divisor of z and 45?
9
Suppose -1 - 4 = -5*f. Let h = 14 + f. Calculate the highest common factor of 3 and h.
3
Let q(n) = 13 - 5*n - 10 + 2. Let c be q(-7). Calculate the highest common divisor of 16 and c.
8
Suppose -5*c + 80 = 5*p, -2*c = 3*c - 5. Calculate the highest common factor of 5 and p.
5
Let c(u) = 2*u + 132. Let v be c(0). Suppose 4*x - v = l, x = 2*l + l + 33. Calculate the highest common factor of x and 3.
3
Suppose c - 4*c - 6 = 0. Let v be 62*(-2)/c - 1. Suppose -5*f + 19 = -v. Calculate the greatest common divisor of f and 80.
16
Let q(n) = n + 8. Let t be q(-9). Let z(h) = 15*h**2 - h. Let g be z(t). What is the greatest common factor of g and 40?
8
Suppose 4*o = 4*t - 180, 3*o = -2*t + 128 - 13. Suppose -5*p - 100 = -4*s - 0*s, p = -s + 16. What is the greatest common divisor of s and t?
10
Let a = 8 - -4. Let f = a + -7. What is the highest common divisor of f and 25?
5
Let w be 1 - 1*(-45)/5. Let s = -65 + 135. What is the highest common factor of s and w?
10
Let p be 1 - (0 + (5 - 2)). Let n be 6/p - (-17 - 5). Calculate the highest common factor of 57 and n.
19
Let x(v) = v + 12. Let d be x(-10). Suppose -13 - d = -3*s. What is the greatest common divisor of 15 and s?
5
Suppose -2*t + 594 = 3*u, 194 = -0*u + u + 2*t. Calculate the greatest common factor of 8 and u.
8
Let p(c) = -178*c - 3. Let t be p(-1). What is the highest common divisor of 70 and t?
35
Suppose 74*d = 72*d - 4. Let i be ((-6)/d + -5)*-3. Suppose -4*k - 170 = -5*j + k, -56 = -2*j - k. What is the greatest common divisor of j and i?
6
Suppose 0 = -v - l + 41, 3*l - 6 = v - 39. What is the greatest common divisor of 13 and v?
13
Suppose 3*h + h = 704. Suppose 4*f = -5*p + 184, -3*p = p - 4*f - h. Calculate the highest common divisor of p and 10.
10
Suppose 3*r - 4*s + 14 + 6 = 0, -5*r - 68 = 2*s. Let k be (-1)/(-4) + 147/r. Let b = k + 21. What is the greatest common factor of 3 and b?
3
Let o(b) = -b**2 + 6*b + 3. Suppose -4*z + 0*j + 3*j + 5 = 0, z - 4*j = -15. Let u be o(z). What is the highest common divisor of 8 and u?
8
Suppose 2*d + 78 = 4*d - 2*j, 5*j + 153 = 4*d. What is the greatest common divisor of 6 and d?
6
Suppose 24 = m - 5*m. Let d be (-2)/m*(51 + 0). Calculate the greatest common divisor of 34 and d.
17
Let n(k) = -5*k - 7. Let z be n(-3). Calculate the highest common factor of 1 and z.
1
Let x be -2*-6*(-3)/(-12). Let t(u) = u**3 - 3*u**2 + u + 1. Let g be t(x). Suppose -3*r + g*r - 12 = 0. What is the highest common divisor of r and 12?
12
Let i = 2 + 1. Let o = -12 + 8. Let